 42 + -28 + 2 + -25?
-9
-6 + 1 + (-2 + 42 - (56 + -40))
19
Calculate -29 + 43 - (7 + 1).
6
What is 10 + -1 + (-6 + -2 - (-8 + -3))?
12
What is the value of 8 + (-7 - (-10 + 0 + 12))?
-1
What is the value of -14 - ((-19 - -17 - 11) + 7)?
-8
Calculate -29 + 87 + -21 - 12.
25
Calculate (0 + -4 - -4) + 3 + -2 + -7.
-6
What is 26 + (-3 + -2 - (15 + (-7 - 5)))?
18
What is 1 + 6 + (-18 - -18)?
7
Evaluate -4 + -16 + 23 + -12.
-9
(45 - (46 + -2)) + 8
9
Evaluate (4 + (2 - 3) - 19) + (119 - 124).
-21
12 + -2 - (7 - (2 - -6))
11
What is the value of -3 + -3 + -1 + 7 + 8 + -7?
1
Evaluate (-7 - -1) + (0 - -5) + 1 + -4.
-4
Evaluate -6 + 6 + 19 + -3 - (10 - 3).
9
What is (5 + -4 + -10 - -10) + 2?
3
Evaluate (-1 - 0) + -3 + 0 + 4 - -7.
7
-54 - -9 - (-22 + -7)
-16
Evaluate 0 + 31 + -2 + -13.
16
(-5 - (-11 + 3)) + (-29 - -14)
-12
Evaluate -1 - ((2 - 5) + -1 + (3 - -1)).
-1
(-6 - (-3 - -2)) + (7 - 3) - -17
16
Calculate (-2 - (-11 + 7)) + -3 + 0 + -1.
-2
What is 30 + (2 - (0 - (-11 + 3)) - -4)?
28
5 + (4 - ((18 - 1) + 8 + -4))
-12
What is the value of 19 + -39 - (18 - 34)?
-4
Evaluate (4 - 5) + -3 - (-197 + 207).
-14
Evaluate 8 - -1 - (290 - 271).
-10
Evaluate 16 + -32 + -2 + (3 - 2).
-17
-13 + (3 + (-5 - -6) - (1 + -3))
-7
Evaluate 18 - 8 - 8 - (-1 + 6).
-3
What is 1 - 0 - (-13 + (7 - 22) + 29)?
0
(-10 + (3 - 1) - -21) + -5
8
Calculate 5 + 3 + -3 + -6 + 17.
16
What is the value of -2 - (-4 + -7 - -2) - (52 - 30)?
-15
What is 33 + -3 + (-2 - 0 - -4)?
32
Evaluate 23 - 15 - (0 + 0 + (4 - 9)).
13
Evaluate -22 + (-9 - (-12 + -4)).
-15
What is -171 - -176 - (-1 - (-29 + 0))?
-23
Evaluate (-4 - -8 - 9) + -4 - -18.
9
Evaluate 3 + -12 + (-17 - (10 - (-1 + 20))).
-17
Evaluate (-2 - 2) + (7 - -2 - 0) - 3.
2
What is -16 + 39 + 0 + (-2 - -15)?
36
18 + (-19 - -11 - 2)
8
Calculate -2 - ((9 - -1) + -4).
-8
What is the value of 16 + -34 + (-49 - -59)?
-8
What is the value of -23 + 19 - (-5 + 8 + 3)?
-10
(-14 - -4) + 29 + -34
-15
(19 - (10 + -7 + -10)) + -5 + -9
12
What is the value of -11 + (-5 - -16) - (1 + 1) - 18?
-20
Evaluate 30 + -10 + -29 + 28 + -6.
13
What is the value of 4 + 10 - 13 - 0?
1
What is -9 + (-6 - (7 - 34)) + 0?
12
Evaluate (9 - (7 - 1)) + 3 + -13.
-7
Evaluate (-3 - -13) + -34 + (-7 - 3 - -1).
-33
Evaluate 9 + 7 + -9 + -5.
2
What is 14 - (2 + 4) - (6 + 4 + 13)?
-15
Evaluate -3 + -4 - (-24 + 15 - 12).
14
Evaluate -1 + -6 + 11 - (4 - 10 - 2).
12
What is the value of 6 + (0 + -4 + 16 + -22 - -5)?
1
Evaluate (-1 - -15) + (-60 - -40).
-6
What is the value of -8 - (10 - 13) - -10?
5
Evaluate (-403 - -397 - (9 - 1)) + -13.
-27
What is the value of (-8 - ((-4 - -13) + (-38 - 1))) + -9?
13
Calculate (-5 - 2 - (-5 - -1) - 3) + -3.
-9
Evaluate 16 - ((8 - -11) + -20).
17
9 - 14 - (10 - (8 + -4))
-11
What is the value of -18 + 10 + (3 - 0 - (20 - 2))?
-23
What is the value of (-21 - -2 - -16) + 9?
6
(6 - 2 - -4) + -14
-6
27 - (30 + -5 + 2)
0
What is -3 + (1 - 0) - (17 + -38 + 25)?
-6
Calculate (33 - 10) + -16 - -8.
15
-81 - -80 - (8 - 0)
-9
Evaluate (8 - 6) + -4 - ((-12 - -17) + -12).
5
What is the value of 1 + 0 + -7 + (-14 - -49 - 24)?
5
Calculate 20 + 68 - 87 - (-7 - -2 - -2).
4
Evaluate -6 - -2 - (-4 + 11 + -17).
6
Calculate 118 + -118 + (17 - 6).
11
(5 + -3 + 0 - -3 - -1) + -5
1
What is the value of (-7 - (4 - 6 - 10)) + -8?
-3
Evaluate 77 + -60 + 2 + (0 - -3 - 0).
22
What is the value of (5 + 0 - 1) + (6 - (12 - 16))?
14
What is 25 - 0 - (-126 - -181)?
-30
26 + -40 + (-1 - (2 + -2 + -3))
-12
Calculate (-26 - -32 - 16) + 20.
10
-8 + 18 + -31 + -6
-27
Evaluate -7 - ((-1 - (2 - 4)) + -13).
5
Calculate 3 + 0 + (12 - 6 - (-4 - -5)).
8
47 + -6 + -24 - 25
-8
Calculate 62 - 76 - (-15 - 26).
27
What is (-1 - 12) + 64 + -65?
-14
(-4 - -7) + (3 - 17) + -4 + 8
-7
What is the value of -12 - (-17 - 0) - (-5 + 14)?
-4
Evaluate 1 + (4 - 1) + (-55 - -44).
-7
Calculate 2 + (15 + 9 + -16 - 42).
-32
What is 7 - (-8 + 10) - 6?
-1
What is the value of (-1 - (-4 + -7)) + 125 + -115?
20
What is the value of -1 + ((4 - -2) + (7 - 13) - -2)?
1
Calculate (-1 + -8 - (-289 + 271)) + -23.
-14
44 + (40 + -41 - 72)
-29
3 - (11 - -21 - 7)
-22
Calculate (-15 - -25 - 19) + (1 + 7 - 3).
-4
What is the value of -13 - (3 + (2 - (6 + -2 - -3)))?
-11
Calculate -5 + (0 - 1) + (97 - 93).
-2
-3 - (-12 + 10 + -14)
13
What is the value of (6 - 20 - 17) + 10?
-21
-37 + 35 - (0 - 20 - -3)
15
-4 + 0 - -1 - (-9 + 12)
-6
Calculate 15 + (4 + 1 - 8 - 2).
10
What is the value of 11 + (52 + -48 - (3 + -3 - -5))?
10
Calculate 6 + 4 - (26 + (17 - (-1 - -11))).
-23
What is 8 + 7 + 6 + -15?
6
What is (9 - 25 - -13) + 1 + 2?
0
What is the value of 6 - ((5 - -3) + (6 - 11) + -6)?
9
Calculate -9 + 6 + 26 - -2.
25
What is the value of -47 + 8 - (-63 - -50)?
-26
What is the value of -29 + 19 + -18 + 21?
-7
What is 22 + -24 - (-6 + (2 - (8 - 7)))?
3
What is 37 + -29 + -21 - 11?
-24
(-4 - 2 - -15 - 6) + 9
12
What is (6 - ((-13 - 10) + 13)) + -10?
6
Calculate (-9 - (6 - 12)) + -4 - -1.
-6
(-3 - -2) + -3 + 2
-2
-7 + (3 - -4 - 8 - -3)
-5
Calculate 2 + -5 + 24 + -3 - (-91 + 99).
10
40 + (25 - (87 + 7))
-29
What is 21 + 12 + (15 - 20) + 3?
31
7 - (-7 + 0 + (8 - (-4 - -5)))
7
What is the value of 4 - (7 - -2) - (4 - (24 - -2))?
17
(-23 - -3) + (1 - 4 - (41 + -41))
-23
What is the value of (-14 - 5 - -13) + 36 + 2 + -3?
29
What is 7 - 0 - (-4 - (-6 - -6))?
11
What is the value of -10 + 21 - (-11 + -2)?
24
-21 + (-1 - 12 - ((-7 - -9) + -10))
-26
31 + (-85 - -45) + (19 - -3)
13
Calculate 4 - (10 - 0) - -2 - -9.
5
Evaluate 15 + -41 + 13 - -16.
3
Evaluate -3 + 11 + -28 + 9.
-11
Evaluate -41 - ((41 - 159) + 42).
35
What is the value of -19 + -90 + 137 + (9 - 0)?
37
Calculate (17 - 3 - 1) + -45 + 38.
6
-9 + (-8 - (-2 + 5 + -9) - -2)
-9
Evaluate 2 - (3 + (2 - (-10 - -12 - -7))).
6
Calculate -3 - (3 + (2 - 5) - (2 + 14)).
13
What is the value of (15 - 0) + -12 - 3?
0
What is the value of 1 - -6 - (24 - (-2 + 18))?
-1
What is the value of -13 + (19 - -9) + -23 + 33?
25
What is the value of 146 + -144 - (-3 + 4)?
1
What is (-34 - 33) + 51 + (2 - -41)?
27
Calculate 3 - -1 - ((-15 - -20) + 2).
-3
-1 + -9 + (15 - -1) + -16
-10
Evaluate (6 - 6) + (-11 - -3).
-8
What is (-4 - -16 - (2 - -12)) + 15?
13
Calculate -4 - ((1 - -6) + -10) - (-2 + -1).
2
What is the value of -13 + 18 + 17 + -39?
-17
(-42 + 16 - -10) + 26
10
What is the value of -51 - (-6 + -45) - (28 - 0)?
-28
Evaluate (40 + -26 - -32) + (-11 - (-3 - -3)).
35
Evaluate -14 + 14 + (-14 - (-51 + 8)).
29
What is (-1 - -4 - 4) + (-68 - -64)?
-5
3 + 0 + 3 + 1 + (-50 - -43)
0
What is -6 - -1 - (2 - 7 - 4)?
4
What is 1 - 24 - (-32 - (-14 - 12))?
-17
What is 11 + 2 + (-1 - 9) - 1?
2
(-10 - (1 + 3)) + (14 - (4 + 3))
-7
What is -313 + 322 + -18 + 0?
-9
Evaluate 1 - 8 - (2 + -2 + 3) - -7.
-3
What is the value of (-3 - 28 - (-6 + (3 - -2))) + 6?
-24
What is the value of 51 - (6 + 39 + -15)?
21
What is the value of -17 + (9 + -1 - 3)?
-12
What is the value of -8 + (-8 - 1 - (-24 - 9))?
16
Evaluate 27 + -44 + (5 - (-12 + 6)).
-6
27 + 2 + -26 - (0 - -1)
2
Evaluate 4 + 0 + 1 + -5 + (0 - -13).
13
94 + -105 + -1 + (29 - 0)
17
Evaluate 5 + -21 + (28 - 15).
-3
-8 + 20 + (16 - 6)
22
What is 30 + (-25 - -19 - (-1 - -2))?
23
Calculate 10 - (-15 + (-39 - -36 - (3 + -6))).
25
Evaluate 61 + -81 - (-14 + -5).
-1
What is (25 - 16 - 6) + -4?
-1
What is the value of 6 + 15 + -9 + 0?
12
Evaluate -21 + (22 - 9) - -28.
20
What is the value of (15 - 15) + (10 - 4) + -18?
-12
What is -13 - -2 - -2 - (-47 + 12 - 11)?
37
What is (16 - (-10 + 15)) + -6 - 5?
0
Evaluate 6 + (-22 - (-9 + -1)) - -19.
13
(-25 - (78 + -72 - (0 + 1))) + 4
-26
What is -12 - (-6 + 1) - 3 - 1?
-11
Calculate 26 + 22 + -30 - (-3 + 4).
17
Evaluate -1 - 0 - (-42 - -47) - 2.
-8
Calculate (-105 - -127) + 1 + -11 + -25.
-13
Evaluate 11 + -16 + -8 + 5.
-8
Evaluate 5 - (1 + (7 + 2 - 11 - -7)).
-1
What is 4 - (0 + -4 - (-12 - -17))?
13
What is the value of -17 - (-25 + 16 - 11)?
3
(171 - 182 - (-2 - 0)) + 12
3
Evaluate 13 + -10 - (-2 + (-4 - -8)).
1
Evaluate (0 - -2) + 0 + 3 - (3 + -6).
8
Evaluate -1 + (11 - 23) + 6 + 31.
24
Evaluate 2 + (13 + (-44 - -13) - -3).
-13
What is 6 + 2 + 3 + -7 + 3 + -3?
4
2 + (6 - 14) - -5
-1
6 + -5 + 6 - (-179 - -190)
-4
Evaluate -4 + 0 + 6 + -2 + (-3 - 0).
-3
(6 - -9 - 36) + 5
-16
Evaluate (0 + -1 + 2 - -5) + 62 + -77.
-9
(22 - (-4 